divided by 40.
38
Let d(v) = 15*v - 2. Let r be d(5). Suppose k - 3*g = 3*k - 48, -3*k - 5*g = -r. Calculate the remainder when 79 is divided by k.
16
Let x = 32 + -30. What is the remainder when 10*3/x - -1 is divided by 9?
7
Let w = 21 - -149. What is the remainder when w is divided by 57?
56
Suppose -w + 1310 = 1307. Let j = 0 - -8. Suppose j*y - 90 = w*y. What is the remainder when 32 is divided by y?
14
Suppose 4*t - 17 - 7 = 0. Let d be (4/(-3))/((-4)/t). What is the remainder when (-1)/d + (-188)/(-8) is divided by 13?
10
Let u = -273 + 306. Calculate the remainder when 261 is divided by u.
30
Let t = -297 - -356. Calculate the remainder when 178 is divided by t.
1
Suppose 4*p - 4*i = 28, -4*p - i + 3*i + 38 = 0. Suppose 5*j - 276 = -4*g, 13*g - 222 = -4*j + 11*g. Calculate the remainder when j is divided by p.
8
Calculate the remainder when (3/(-9)*4)/(18/(-4401)) is divided by 6.
2
Let f(p) = 2*p**2 + 144*p + 384. Calculate the remainder when f(-70) is divided by 48.
8
Let b = 1610 - 1586. What is the remainder when 118 is divided by b?
22
Suppose -193 = 3*l + 23. Let p = l + 104. Suppose 3*h = j - 0*j + 49, 0 = -h - 5*j + 27. What is the remainder when p is divided by h?
15
Suppose -20 = 53*c - 58*c. Calculate the remainder when 638/10 - ((-20)/25)/c is divided by 5.
4
Suppose 3*u + 19 + 9 = 5*m, 0 = 2*m - 4*u - 14. What is the remainder when 77 is divided by (-20)/(-4)*16/m?
13
Let q be (-3 - 2) + 60/6. Suppose 8 = -5*h - 7, -3*k + 366 = -q*h. Calculate the remainder when k is divided by 40.
37
Suppose 0 = 10*t + 238 - 558. What is the remainder when t is divided by 5?
2
Let l = -331 + 356. Calculate the remainder when l is divided by (20 + -3 - 0) + 1.
7
Suppose -4*i - 12 = -4*z - 0*z, 4*z = 3*i + 11. Let l be -2 - (-2 - (-4)/z). Calculate the remainder when 63 is divided by l + 0 - -35 - 1.
31
Let d(m) = -m**3 - 16*m**2 + 8*m - 167. Calculate the remainder when d(-18) is divided by 58.
47
Let z(s) = -s + 3. Let w(t) be the third derivative of -t**4/12 - 5*t**2. Let b be w(3). What is the remainder when 42 is divided by z(b)?
6
Let k = 47 + -42. Suppose 10*s = k*s + 25. Calculate the remainder when 12 is divided by s.
2
Suppose -15*k - 868 = -22*k. Calculate the remainder when k is divided by 6.
4
Let t = -34 - -50. Let c(s) = -2*s**3 + 2*s**2 - s + 1. Let y be c(1). Suppose -v - v + t = y. Calculate the remainder when 27 is divided by v.
3
Suppose y - 5 = -31. Let l = y - -20. Calculate the remainder when 38 is divided by (-4)/l + (-110)/(-15).
6
Let q be (1 + -5)*5/(-4). Suppose 9 = q*c - 1. Let u(v) = -v**2 - 9*v - 9. Calculate the remainder when u(-7) is divided by c.
1
Suppose 0 = 3*g - 3*b - 192, 250 = -17*g + 21*g - b. What is the remainder when 679 is divided by g?
59
Suppose -8 = 6*k - 8*k. Suppose -78 - 26 = -k*q. What is the remainder when q is divided by 16?
10
Let k = 554 - 545. Suppose -2*y - 5*f = -40, -5*y - 7 = -2*f - 49. Calculate the remainder when k is divided by (12/y)/((-9)/(-30)).
1
Let n(y) = -y**2 - y + 6. Let p(j) = j. Let i be p(0). Let s be n(i). Let f(o) = o - 2. Calculate the remainder when f(s) is divided by 3.
1
Let k = -200 + 233. What is the remainder when 61 is divided by k?
28
Let s be 203/4 - (-15)/(-20). Suppose -5*f - 5 - s = 0. What is the remainder when 26 is divided by 3*1 - 66/f?
8
Suppose 0 = 16*a - 1433 - 711. Calculate the remainder when a is divided by 17.
15
Let s(m) = 5*m**2 + m + 1. Suppose 3*r = -2*r + 865. Let f = -98 + r. What is the remainder when f is divided by s(-2)?
18
Let b be -3*25/(-45)*-3. Let h(m) = m**3 + 7*m**2 + 5*m - 2. Calculate the remainder when h(b) is divided by 6.
5
Calculate the remainder when 157 - 24/4 - 0 is divided by 22.
19
Suppose -v - 3*u + 42 = -6*u, v - 42 = -u. Calculate the remainder when 22/((-2)/v*-6) is divided by 8.
5
Let t(x) = 5*x**2 + 3*x + 4. Suppose 22*p - 96 = 14*p. Calculate the remainder when t(-3) is divided by p.
4
Let x(r) = -9*r + 56. What is the remainder when x(-9) is divided by 39?
20
Suppose -2*y + 62 - 8 = 0. Suppose -3*d - 230 = -5*d. Suppose -2*w = -45 - d. What is the remainder when w is divided by y?
26
Let h = 143 - 340. Suppose -2*z = 2*z + 500. Let i = z - h. Calculate the remainder when i is divided by 15.
12
Let i(f) = 5*f**2 + 56*f - 183. Suppose 2*t - 66 = 4*t. Let p = 5 - t. Calculate the remainder when p is divided by i(-14).
12
Suppose 2*x = -3*g + 5*x + 3, -2 = 2*g - 3*x. Suppose 369*r - 365*r = 76. Calculate the remainder when r is divided by g.
4
Let v(b) = b**3 + 17*b**2 - 7*b + 32. Let f = -32 - -15. What is the remainder when v(f) is divided by 31?
27
Suppose 2*k = -23 + 79. Let z(y) = -8*y - 4. Let w be z(-5). Suppose -w - 9 = -3*u. What is the remainder when k is divided by u?
13
Suppose 4 + 2 = 3*q. Let l be -6*q/(-6)*1. Suppose m - l*m - 4*n = -41, -1 = n. Calculate the remainder when m is divided by 16.
13
Let s(u) = -7*u**3 + u + 3. Suppose 198 + 102 = 25*b. Calculate the remainder when s(-2) is divided by b.
9
Let c(q) be the first derivative of q**2 + 3*q - 2. Calculate the remainder when (24/9)/((-1)/2)*-3 is divided by c(3).
7
What is the remainder when 179 is divided by 1/(-3) - (-6925)/75?
87
Let w(d) = -d**3 + 13*d**2 - 11*d - 83. Calculate the remainder when 149 is divided by w(11).
35
Let z = -105 - -108. Suppose z*r - 71 = 118. What is the remainder when r is divided by 13?
11
Suppose 5*p - 5*i + 0 = 1615, 3*p = 5*i + 959. Calculate the remainder when p is divided by 33.
31
Let o = 281 + -264. What is the remainder when 48 is divided by o?
14
Suppose -79 = -n + 105. Suppose n = 4*g + 4*c, -3*g - 3*c + c = -143. What is the remainder when (-2)/(-6) + 2176/g is divided by 11?
10
Suppose -3*r - 4*s = -4*r - 103, 3*r + 345 = 3*s. Let n = 2 + r. Let t = -74 - n. What is the remainder when t is divided by 22?
21
Let f(a) = 4*a + 2. Suppose -15 = -2*z - 3*z. Suppose -c + 4*c = 24. What is the remainder when f(z) is divided by c?
6
Let g(z) = 24*z - 498. Let a = -1 - -3. Suppose -a*f + 17 = -5*p, 2*f = f - p + 12. What is the remainder when f is divided by g(21)?
5
Suppose -5*l = 3*w - 10, 5*w + l = 4*l + 62. Let t be 1 + -43 + 11/11. What is the remainder when 1 + t/(-1) + 6/(-2) is divided by w?
9
Suppose -a + 3*g - 5 = -0, -4*g + 12 = 0. Suppose -52 = -5*r - 3*w - 6, a*r - 32 = -4*w. Let o = r + 47. Calculate the remainder when o is divided by 15.
13
Let q(n) = -2*n - 13. Let u be q(-10). Let x = u + 15. What is the remainder when 108 is divided by x?
20
Let a = 611 + -608. Calculate the remainder when 138 is divided by a.
0
Suppose -160 = 11*n - 16*n. Calculate the remainder when 57 is divided by n.
25
What is the remainder when 79 is divided by 0/(-2) - 8/((-16)/10)?
4
Let y(x) = x - 2. Let a be y(4). Let u = 46 + -15. What is the remainder when a*12/(-8) - -62 is divided by u?
28
Let j be (-38)/((-1)/27*-6). Let g = j - -193. Let z = -15 + 21. Calculate the remainder when g is divided by z.
4
Let p(t) = t**2 + 14*t + 16. What is the remainder when p(-19) is divided by 41?
29
Let z(f) = -f**2 - 4*f. Let t be z(-7). Let m = -39 - t. What is the remainder when 35 is divided by (-4 - -1)/(6/m)?
8
Let s = 8 - -43. Let l = 107 - s. Calculate the remainder when l is divided by 15.
11
Let p be (4/2)/((-6)/3). Suppose 17 + 59 = 4*t. What is the remainder when (-76 - -2)*p/2 is divided by t?
18
Let h(k) = -k**3 + 10*k**2 - 4*k + 14. Let p be h(10). Let w = -14 - p. Calculate the remainder when w - -6 - 8/(-2) is divided by 8.
6
Let o = -375 - -455. What is the remainder when o is divided by 0 + 18 - (-1 + -2)?
17
Let n = 10 - -1. Suppose -150 = -n*i + 9*i. Calculate the remainder when i is divided by 26.
23
Let v = -16 + 18. Calculate the remainder when 25 is divided by (0 - 8) + 3 + v + 6.
1
Suppose 2*n = -3*l + 124, 4*n - 11*l + 13*l - 232 = 0. What is the remainder when 153 is divided by n?
41
Suppose b - 3 = 26. Let v = -20 + b. What is the remainder when 25 is divided by v?
7
Suppose -36 = -5*l + 9. Suppose -b - l + 17 = 0. Calculate the remainder when 31 is divided by b.
7
Let d(c) = -4*c**3 - c**2 + c + 33. Let l(k) = -7*k**3 - 2*k**2 + 2*k + 65. Let m(g) = -5*d(g) + 3*l(g). Calculate the remainder when 117 is divided by m(0).
27
Let f = 192 + -92. Suppose 25 = 3*y - 8*y, -3*v + f = 4*y. What